Is 19 a factor of 436209?
False
Is 131 a factor of 1332663?
True
Is 42228 a multiple of 46?
True
Is 607 a factor of 562082?
True
Does 42 divide 446847?
False
Is 8 a factor of 342666?
False
Is 13485584 a multiple of 721?
True
Does 34 divide 246697?
False
Is 16 a factor of 31968?
True
Is 432675 a multiple of 42?
False
Is 16 a factor of 5222672?
True
Is 1534844 a multiple of 21?
False
Does 81 divide 3721059?
True
Is 20 a factor of 363070?
False
Is 304544 a multiple of 248?
True
Does 6 divide 881418?
True
Is 10 a factor of 286600?
True
Is 142 a factor of 2346834?
True
Is 1364497 a multiple of 249?
False
Is 870 a factor of 789090?
True
Does 46 divide 3862712?
True
Is 136 a factor of 88024?
False
Is 586 a factor of 125126?
False
Is 27 a factor of 288195?
False
Is 7 a factor of 2254777?
True
Does 24 divide 134232?
True
Is 533068 a multiple of 8?
False
Is 149 a factor of 20264?
True
Is 71 a factor of 292804?
True
Does 3 divide 737?
False
Does 24 divide 6439571?
False
Is 2064135 a multiple of 93?
True
Is 6744719 a multiple of 821?
False
Is 272 a factor of 5384784?
True
Is 43 a factor of 32331?
False
Does 19 divide 112188?
False
Is 114 a factor of 14041152?
True
Is 88 a factor of 151915?
False
Is 223440 a multiple of 490?
True
Does 469 divide 149320?
False
Is 1799152 a multiple of 23?
True
Does 64 divide 136576?
True
Does 4 divide 781776?
True
Is 245 a factor of 675710?
True
Is 314 a factor of 12844449?
False
Is 11274083 a multiple of 35?
False
Is 10744 a multiple of 136?
True
Does 5 divide 783105?
True
Does 16 divide 953392?
True
Is 27147 a multiple of 9?
False
Is 169965 a multiple of 198?
False
Is 16 a factor of 2096302?
False
Is 69 a factor of 603806?
False
Is 2692260 a multiple of 36?
True
Is 3711213 a multiple of 57?
True
Does 56 divide 229488?
True
Is 86 a factor of 4572878?
True
Is 184960 a multiple of 170?
True
Is 85813 a multiple of 36?
False
Is 59132 a multiple of 6?
False
Is 607142 a multiple of 238?
False
Is 13 a factor of 43953?
True
Does 30 divide 6388650?
True
Is 18 a factor of 834421?
False
Is 600 a factor of 35958?
False
Is 24516 a multiple of 36?
True
Is 61 a factor of 7820?
False
Is 184611 a multiple of 3?
True
Does 25 divide 9266?
False
Does 344 divide 2098056?
True
Is 17 a factor of 291992?
True
Is 46 a factor of 122723?
False
Is 188000 a multiple of 160?
True
Does 250 divide 1837643?
False
Is 372 a factor of 3270252?
True
Is 15 a factor of 9765180?
True
Is 2176684 a multiple of 30?
False
Is 262610 a multiple of 236?
False
Is 19232 a multiple of 2?
True
Does 60 divide 141780?
True
Is 14 a factor of 121773?
False
Does 309 divide 309481?
False
Is 902 a factor of 19208992?
True
Is 276 a factor of 60996?
True
Does 31 divide 1728405?
True
Is 304 a factor of 4236069?
False
Does 138 divide 318835?
False
Does 1389 divide 1984881?
True
Is 38 a factor of 30704?
True
Is 51 a factor of 396984?
True
Is 78767 a multiple of 73?
True
Is 1059690 a multiple of 10?
True
Does 195 divide 291330?
True
Is 4 a factor of 1397953?
False
Is 144684 a multiple of 36?
True
Is 4 a factor of 29195?
False
Is 114 a factor of 25450?
False
Does 7 divide 265559?
True
Does 8 divide 54542?
False
Is 217740 a multiple of 57?
True
Is 9914301 a multiple of 603?
False
Does 8 divide 1976756?
False
Does 6 divide 39830?
False
Is 14 a factor of 195844?
False
Is 1000300 a multiple of 70?
True
Is 111710 a multiple of 23?
False
Is 599380 a multiple of 223?
False
Is 24128827 a multiple of 675?
False
Is 163 a factor of 316868?
False
Does 55 divide 92455?
True
Is 2 a factor of 204724?
True
Is 13 a factor of 5798869?
False
Does 28 divide 783020?
True
Is 14223524 a multiple of 49?
True
Is 39 a factor of 832338?
True
Is 103531 a multiple of 339?
False
Is 15 a factor of 549645?
True
Is 18 a factor of 134505?
False
Is 23580 a multiple of 173?
False
Is 53951 a multiple of 56?
False
Does 993 divide 961082?
False
Does 99 divide 3135325?
False
Is 13 a factor of 195650?
True
Does 11 divide 1276726?
True
Is 5 a factor of 1032284?
False
Is 125215 a multiple of 62?
False
Does 79 divide 1270325?
False
Is 123 a factor of 153381?
True
Does 17 divide 65297?
True
Is 2929612 a multiple of 514?
False
Is 19 a factor of 2118961?
False
Does 47 divide 715340?
True
Is 223 a factor of 4790263?
True
Is 15 a factor of 291406?
False
Is 5869888 a multiple of 1312?
True
Is 25 a factor of 263884?
False
Is 342 a factor of 2918970?
True
Is 61 a factor of 28404?
False
Does 10 divide 31144?
False
Is 128352 a multiple of 7?
True
Is 131 a factor of 257808?
True
Is 30259 a multiple of 8?
False
Is 2905092 a multiple of 514?
False
Is 6 a factor of 319422?
True
Does 16 divide 49792?
True
Does 36 divide 1372068?
True
Is 21 a factor of 327834?
False
Is 127 a factor of 121150?
False
Does 115 divide 288075?
True
Does 16 divide 190714?
False
Is 61 a factor of 176432?
False
Does 463 divide 33335988?
False
Does 6 divide 155460?
True
Is 55575 a multiple of 7?
False
Does 6 divide 1928753?
False
Is 13 a factor of 42018?
False
Is 184706 a multiple of 16?
False
Is 45 a factor of 438660?
True
Does 11 divide 1505418?
False
Is 5320989 a multiple of 581?
False
Is 17945856 a multiple of 545?
False
Does 441 divide 720740?
False
Is 676 a factor of 794300?
True
Is 262 a factor of 798576?
True
Is 79008 a multiple of 175?
False
Does 61 divide 134871?
True
Is 136185 a multiple of 24?
False
Is 73324 a multiple of 21?
False
Is 25852 a multiple of 232?
False
Is 91254 a multiple of 134?
True
Is 132 a factor of 72468?
True
Is 7 a factor of 85925?
True
Is 6 a factor of 383094?
True
Is 123332 a multiple of 11?
True
Is 231168 a multiple of 24?
True
Does 233 divide 16776?
True
Is 191 a factor of 1912483?
True
Is 6250 a multiple of 22?
False
Is 223 a factor of 14112674?
False
Is 31 a factor of 200061?
False
Does 526 divide 6357762?
True
Is 5 a factor of 55235?
True
Is 3 a factor of 37913?
False
Is 131 a factor of 3631058?
True
Does 108 divide 2596356?
False
Does 11 divide 5089194?
True
Is 190800 a multiple of 36?
True
Is 314991 a multiple of 2?
False
Is 2883811 a multiple of 29?
False
Is 29 a factor of 1564347?
True
Is 53 a factor of 517348?
False
Does 11 divide 2359753?
True
Is 1635634 a multiple of 154?
True
Does 156 divide 921140?
False
Is 1641903 a multiple of 33?
False
Is 356533 a multiple of 544?
False
Is 32 a factor of 2506016?
True
Is 297738 a multiple of 9?
True
Is 225 a factor of 992025?
True
Is 7 a factor of 85853?
False
Is 142 a factor of 105904?
False
Is 14114602 a multiple of 94?
False
Is 376 even?
True
Is 17243 a multiple of 16?
False
Is 29 a factor of 2077289?
False
Is 421 a factor of 1052079?
True
Does 372 divide 14789232?
True
Does 62 divide 367349?
False
Does 300 divide 1640166?
False
Is 32 a factor of 922752?
True
Is 341202 a multiple of 123?
True
Is 212 a factor of 158364?
True
Is 2329450 a multiple of 50?
True
Is 748648 a multiple of 3?
False
Is 733244 a multiple of 697?
True
Is 137647 a multiple of 14?
False
Is 82892 a multiple of 92?
True
Is 18 a factor of 1610658?
True
Is 49323 a multiple of 123?
True
Is 41 a factor of 389336?
True
Is 12 a factor of 6916684?
False
Does 122 divide 90524?
True
Does 204 divide 2645980?
False
Is 36 a factor of 318528?
True
Does 18 divide 6503526?
True
Does 172 divide 3630232?
True
Does 480 divide 830802?
False
Does 6 divide 1634342?
False
Does 314 divide 27462754?
True
Is 209 a factor of 1872849?
True
Does 82 divide 363834?
True
Does 13 divide 1083394?
True
Does 3 divide 120174?
True
Does 42 divide 7986549?
False
Is 76646 a multiple of 15?
False
Is 1466572 a multiple of 839?
True
Is 6486889 a multiple of 398?
False
Is 14 a factor of 2268?
True
Is 5326 a multiple of 73?
False
Does 37 divide 2031966?
True
Is 11 a factor of 153076?
True
Is 10542 a multiple of 3?
True
Is 54 a factor of 115236?
True
Does 169 divide 72419?
False
Does 29 divide 81055?
True
Does 828 divide 4873608?
True
Is 92191 a multiple of 29?
True
Does 49 divide 6072124?
False
Is 6 a factor of 484692?
True
Is 253 a factor of 30360?
True
Does 36 divide 18317900?
False
Is 93 a factor of 1841988?
False
Is 465721 a multiple of 22?
False
Is 2146247 a multiple of 9?
False
Is 81968 a multiple of 4?
True
Does 541 divide 7927996?
False
Does 3 divide 351429?
True
Is 8 a factor of 38939?
False
Is 228864 a multiple of 32?
True
Is 323654 a multiple o